{"id":28675,"date":"2015-09-30T00:00:00","date_gmt":"2015-09-29T22:00:00","guid":{"rendered":"https:\/\/chemin-neuf.media\/m\/sablonceaux2015-retour-sur-la-caravane-devangelisation\/"},"modified":"2023-07-09T10:10:56","modified_gmt":"2023-07-09T08:10:56","slug":"sablonceaux2015-retour-sur-la-caravane-devangelisation","status":"publish","type":"m","link":"https:\/\/www.chemin-neuf.media\/es\/m\/sablonceaux2015-retour-sur-la-caravane-devangelisation\/","title":{"rendered":"#Sablonceaux2015 &#8211; Retour sur la Caravane d&#8217;\u00e9vang\u00e9lisation"},"content":{"rendered":"","protected":false},"excerpt":{"rendered":"<p>Une premi\u00e8re semaine de travail et d&#8217;\u00e9laboration d&#8217;un spectacle (orchestre, danse, chant, th\u00e9\u00e2tre\/mime) tout en exp\u00e9rimentant la fraternit\u00e9 et la joie de la louange !<\/p>\n<p>La deuxi\u00e8me semaine tout le monde dans la rue et les talents sont mis au service d&#8217;un spectacle d&#8217;\u00e9vang\u00e9lisation !<\/p>\n<p>Retour une Cara m\u00e9morable \ud83d\ude42<\/p>\n","protected":false},"featured_media":28676,"menu_order":0,"template":"","meta":{"_acf_changed":false,"footnotes":""},"media-categorie":[76],"media-type":[54],"chaine":[59],"thematique":[72,2023],"media-tag":[],"media-lang":[2413],"class_list":["post-28675","m","type-m","status-publish","has-post-thumbnail","hentry","media-categorie-festival-evenement-session","media-type-video","chaine-14-18-ans","thematique-jeunes","thematique-vie-de-la-communaute","media-lang-fr"],"acf":[],"yoast_head":"<!-- This site is optimized with the Yoast SEO plugin v28.3 - https:\/\/yoast.com\/product\/yoast-seo-wordpress\/ -->\n<title>#Sablonceaux2015 - Retour sur la Caravane d&#039;\u00e9vang\u00e9lisation - Chemin Neuf Media<\/title>\n<meta name=\"robots\" content=\"index, follow, max-snippet:-1, max-image-preview:large, max-video-preview:-1\" \/>\n<link rel=\"canonical\" href=\"https:\/\/www.chemin-neuf.media\/es\/m\/sablonceaux2015-retour-sur-la-caravane-devangelisation\/\" \/>\n<meta property=\"og:locale\" content=\"es_ES\" \/>\n<meta property=\"og:type\" content=\"article\" \/>\n<meta property=\"og:title\" content=\"#Sablonceaux2015 - Retour sur la Caravane d&#039;\u00e9vang\u00e9lisation - Chemin Neuf Media\" \/>\n<meta property=\"og:description\" content=\"Une premi\u00e8re semaine de travail et d&#039;\u00e9laboration d&#039;un spectacle (orchestre, danse, chant, th\u00e9\u00e2tre\/mime) tout en exp\u00e9rimentant la fraternit\u00e9 et la joie de la louange !La deuxi\u00e8me semaine tout le monde dans la rue et les talents sont mis au service d&#039;un spectacle d&#039;\u00e9vang\u00e9lisation !Retour une Cara m\u00e9morable :)\" \/>\n<meta property=\"og:url\" content=\"https:\/\/www.chemin-neuf.media\/es\/m\/sablonceaux2015-retour-sur-la-caravane-devangelisation\/\" \/>\n<meta property=\"og:site_name\" content=\"Chemin Neuf Media\" \/>\n<meta property=\"article:publisher\" content=\"https:\/\/www.facebook.com\/Communaut%c3%a9-du-Chemin-Neuf-au-Canada-417217815001100\" \/>\n<meta property=\"article:modified_time\" content=\"2023-07-09T08:10:56+00:00\" \/>\n<meta property=\"og:image\" content=\"https:\/\/www.chemin-neuf.media\/wp-content\/uploads\/2015\/09\/mqdefault-10.jpg\" \/>\n\t<meta property=\"og:image:width\" content=\"320\" \/>\n\t<meta property=\"og:image:height\" content=\"180\" \/>\n\t<meta property=\"og:image:type\" content=\"image\/jpeg\" \/>\n<meta name=\"twitter:card\" content=\"summary_large_image\" \/>\n<script type=\"application\/ld+json\" class=\"yoast-schema-graph\">{\"@context\":\"https:\\\/\\\/schema.org\",\"@graph\":[{\"@type\":\"WebPage\",\"@id\":\"https:\\\/\\\/www.chemin-neuf.media\\\/es\\\/m\\\/sablonceaux2015-retour-sur-la-caravane-devangelisation\\\/\",\"url\":\"https:\\\/\\\/www.chemin-neuf.media\\\/es\\\/m\\\/sablonceaux2015-retour-sur-la-caravane-devangelisation\\\/\",\"name\":\"#Sablonceaux2015 - Retour sur la Caravane d'\u00e9vang\u00e9lisation - Chemin Neuf Media\",\"isPartOf\":{\"@id\":\"https:\\\/\\\/www.chemin-neuf.media\\\/es\\\/#website\"},\"primaryImageOfPage\":{\"@id\":\"https:\\\/\\\/www.chemin-neuf.media\\\/es\\\/m\\\/sablonceaux2015-retour-sur-la-caravane-devangelisation\\\/#primaryimage\"},\"image\":{\"@id\":\"https:\\\/\\\/www.chemin-neuf.media\\\/es\\\/m\\\/sablonceaux2015-retour-sur-la-caravane-devangelisation\\\/#primaryimage\"},\"thumbnailUrl\":\"https:\\\/\\\/www.chemin-neuf.media\\\/wp-content\\\/uploads\\\/2015\\\/09\\\/mqdefault-10.jpg\",\"datePublished\":\"2015-09-29T22:00:00+00:00\",\"dateModified\":\"2023-07-09T08:10:56+00:00\",\"breadcrumb\":{\"@id\":\"https:\\\/\\\/www.chemin-neuf.media\\\/es\\\/m\\\/sablonceaux2015-retour-sur-la-caravane-devangelisation\\\/#breadcrumb\"},\"inLanguage\":\"es\",\"potentialAction\":[{\"@type\":\"ReadAction\",\"target\":[\"https:\\\/\\\/www.chemin-neuf.media\\\/es\\\/m\\\/sablonceaux2015-retour-sur-la-caravane-devangelisation\\\/\"]}]},{\"@type\":\"ImageObject\",\"inLanguage\":\"es\",\"@id\":\"https:\\\/\\\/www.chemin-neuf.media\\\/es\\\/m\\\/sablonceaux2015-retour-sur-la-caravane-devangelisation\\\/#primaryimage\",\"url\":\"https:\\\/\\\/www.chemin-neuf.media\\\/wp-content\\\/uploads\\\/2015\\\/09\\\/mqdefault-10.jpg\",\"contentUrl\":\"https:\\\/\\\/www.chemin-neuf.media\\\/wp-content\\\/uploads\\\/2015\\\/09\\\/mqdefault-10.jpg\",\"width\":320,\"height\":180,\"caption\":\"#Sablonceaux2015 - Retour sur la Caravane d'\u00e9vang\u00e9lisation\"},{\"@type\":\"BreadcrumbList\",\"@id\":\"https:\\\/\\\/www.chemin-neuf.media\\\/es\\\/m\\\/sablonceaux2015-retour-sur-la-caravane-devangelisation\\\/#breadcrumb\",\"itemListElement\":[{\"@type\":\"ListItem\",\"position\":1,\"name\":\"Home\",\"item\":\"https:\\\/\\\/www.chemin-neuf.media\\\/es\\\/\"},{\"@type\":\"ListItem\",\"position\":2,\"name\":\"Meta Medias\",\"item\":\"https:\\\/\\\/www.chemin-neuf.media\\\/es\\\/m\\\/\"},{\"@type\":\"ListItem\",\"position\":3,\"name\":\"#Sablonceaux2015 &#8211; Retour sur la Caravane d&rsquo;\u00e9vang\u00e9lisation\"}]},{\"@type\":\"WebSite\",\"@id\":\"https:\\\/\\\/www.chemin-neuf.media\\\/es\\\/#website\",\"url\":\"https:\\\/\\\/www.chemin-neuf.media\\\/es\\\/\",\"name\":\"Chemin Neuf Media\",\"description\":\"Tous les m\u00e9dias de la  Communaut\u00e9 du Chemin Neuf\",\"potentialAction\":[{\"@type\":\"SearchAction\",\"target\":{\"@type\":\"EntryPoint\",\"urlTemplate\":\"https:\\\/\\\/www.chemin-neuf.media\\\/es\\\/?s={search_term_string}\"},\"query-input\":{\"@type\":\"PropertyValueSpecification\",\"valueRequired\":true,\"valueName\":\"search_term_string\"}}],\"inLanguage\":\"es\"}]}<\/script>\n<!-- \/ Yoast SEO plugin. -->","yoast_head_json":{"title":"#Sablonceaux2015 - Retour sur la Caravane d'\u00e9vang\u00e9lisation - Chemin Neuf Media","robots":{"index":"index","follow":"follow","max-snippet":"max-snippet:-1","max-image-preview":"max-image-preview:large","max-video-preview":"max-video-preview:-1"},"canonical":"https:\/\/www.chemin-neuf.media\/es\/m\/sablonceaux2015-retour-sur-la-caravane-devangelisation\/","og_locale":"es_ES","og_type":"article","og_title":"#Sablonceaux2015 - Retour sur la Caravane d'\u00e9vang\u00e9lisation - Chemin Neuf Media","og_description":"Une premi\u00e8re semaine de travail et d'\u00e9laboration d'un spectacle (orchestre, danse, chant, th\u00e9\u00e2tre\/mime) tout en exp\u00e9rimentant la fraternit\u00e9 et la joie de la louange !La deuxi\u00e8me semaine tout le monde dans la rue et les talents sont mis au service d'un spectacle d'\u00e9vang\u00e9lisation !Retour une Cara m\u00e9morable :)","og_url":"https:\/\/www.chemin-neuf.media\/es\/m\/sablonceaux2015-retour-sur-la-caravane-devangelisation\/","og_site_name":"Chemin Neuf Media","article_publisher":"https:\/\/www.facebook.com\/Communaut%c3%a9-du-Chemin-Neuf-au-Canada-417217815001100","article_modified_time":"2023-07-09T08:10:56+00:00","og_image":[{"width":320,"height":180,"url":"https:\/\/www.chemin-neuf.media\/wp-content\/uploads\/2015\/09\/mqdefault-10.jpg","type":"image\/jpeg"}],"twitter_card":"summary_large_image","schema":{"@context":"https:\/\/schema.org","@graph":[{"@type":"WebPage","@id":"https:\/\/www.chemin-neuf.media\/es\/m\/sablonceaux2015-retour-sur-la-caravane-devangelisation\/","url":"https:\/\/www.chemin-neuf.media\/es\/m\/sablonceaux2015-retour-sur-la-caravane-devangelisation\/","name":"#Sablonceaux2015 - Retour sur la Caravane d'\u00e9vang\u00e9lisation - Chemin Neuf Media","isPartOf":{"@id":"https:\/\/www.chemin-neuf.media\/es\/#website"},"primaryImageOfPage":{"@id":"https:\/\/www.chemin-neuf.media\/es\/m\/sablonceaux2015-retour-sur-la-caravane-devangelisation\/#primaryimage"},"image":{"@id":"https:\/\/www.chemin-neuf.media\/es\/m\/sablonceaux2015-retour-sur-la-caravane-devangelisation\/#primaryimage"},"thumbnailUrl":"https:\/\/www.chemin-neuf.media\/wp-content\/uploads\/2015\/09\/mqdefault-10.jpg","datePublished":"2015-09-29T22:00:00+00:00","dateModified":"2023-07-09T08:10:56+00:00","breadcrumb":{"@id":"https:\/\/www.chemin-neuf.media\/es\/m\/sablonceaux2015-retour-sur-la-caravane-devangelisation\/#breadcrumb"},"inLanguage":"es","potentialAction":[{"@type":"ReadAction","target":["https:\/\/www.chemin-neuf.media\/es\/m\/sablonceaux2015-retour-sur-la-caravane-devangelisation\/"]}]},{"@type":"ImageObject","inLanguage":"es","@id":"https:\/\/www.chemin-neuf.media\/es\/m\/sablonceaux2015-retour-sur-la-caravane-devangelisation\/#primaryimage","url":"https:\/\/www.chemin-neuf.media\/wp-content\/uploads\/2015\/09\/mqdefault-10.jpg","contentUrl":"https:\/\/www.chemin-neuf.media\/wp-content\/uploads\/2015\/09\/mqdefault-10.jpg","width":320,"height":180,"caption":"#Sablonceaux2015 - Retour sur la Caravane d'\u00e9vang\u00e9lisation"},{"@type":"BreadcrumbList","@id":"https:\/\/www.chemin-neuf.media\/es\/m\/sablonceaux2015-retour-sur-la-caravane-devangelisation\/#breadcrumb","itemListElement":[{"@type":"ListItem","position":1,"name":"Home","item":"https:\/\/www.chemin-neuf.media\/es\/"},{"@type":"ListItem","position":2,"name":"Meta Medias","item":"https:\/\/www.chemin-neuf.media\/es\/m\/"},{"@type":"ListItem","position":3,"name":"#Sablonceaux2015 &#8211; Retour sur la Caravane d&rsquo;\u00e9vang\u00e9lisation"}]},{"@type":"WebSite","@id":"https:\/\/www.chemin-neuf.media\/es\/#website","url":"https:\/\/www.chemin-neuf.media\/es\/","name":"Chemin Neuf Media","description":"Tous les m\u00e9dias de la  Communaut\u00e9 du Chemin Neuf","potentialAction":[{"@type":"SearchAction","target":{"@type":"EntryPoint","urlTemplate":"https:\/\/www.chemin-neuf.media\/es\/?s={search_term_string}"},"query-input":{"@type":"PropertyValueSpecification","valueRequired":true,"valueName":"search_term_string"}}],"inLanguage":"es"}]}},"_links":{"self":[{"href":"https:\/\/www.chemin-neuf.media\/es\/wp-json\/wp\/v2\/m\/28675","targetHints":{"allow":["GET"]}}],"collection":[{"href":"https:\/\/www.chemin-neuf.media\/es\/wp-json\/wp\/v2\/m"}],"about":[{"href":"https:\/\/www.chemin-neuf.media\/es\/wp-json\/wp\/v2\/types\/m"}],"version-history":[{"count":1,"href":"https:\/\/www.chemin-neuf.media\/es\/wp-json\/wp\/v2\/m\/28675\/revisions"}],"predecessor-version":[{"id":31222,"href":"https:\/\/www.chemin-neuf.media\/es\/wp-json\/wp\/v2\/m\/28675\/revisions\/31222"}],"wp:featuredmedia":[{"embeddable":true,"href":"https:\/\/www.chemin-neuf.media\/es\/wp-json\/wp\/v2\/media\/28676"}],"wp:attachment":[{"href":"https:\/\/www.chemin-neuf.media\/es\/wp-json\/wp\/v2\/media?parent=28675"}],"wp:term":[{"taxonomy":"media-categorie","embeddable":true,"href":"https:\/\/www.chemin-neuf.media\/es\/wp-json\/wp\/v2\/media-categorie?post=28675"},{"taxonomy":"media-type","embeddable":true,"href":"https:\/\/www.chemin-neuf.media\/es\/wp-json\/wp\/v2\/media-type?post=28675"},{"taxonomy":"chaine","embeddable":true,"href":"https:\/\/www.chemin-neuf.media\/es\/wp-json\/wp\/v2\/chaine?post=28675"},{"taxonomy":"thematique","embeddable":true,"href":"https:\/\/www.chemin-neuf.media\/es\/wp-json\/wp\/v2\/thematique?post=28675"},{"taxonomy":"media-tag","embeddable":true,"href":"https:\/\/www.chemin-neuf.media\/es\/wp-json\/wp\/v2\/media-tag?post=28675"},{"taxonomy":"media-lang","embeddable":true,"href":"https:\/\/www.chemin-neuf.media\/es\/wp-json\/wp\/v2\/media-lang?post=28675"}],"curies":[{"name":"wp","href":"https:\/\/api.w.org\/{rel}","templated":true}]}}

#Sablonceaux2015 &#8211; Retour sur la Caravane d&#8217;évangélisation

<p>Une première semaine de travail et d&#8217;élaboration d&#8217;un spectacle (orchestre, danse, chant, théâtre/mime) tout en expérimentant la fraternité et la joie de la louange !</p>
<p>La deuxième semaine tout le monde dans la rue et les talents sont mis au service d&#8217;un spectacle d&#8217;évangélisation !</p>
<p>Retour une Cara mémorable 🙂</p>

<!-- This site is optimized with the Yoast SEO plugin v28.3 - https://yoast.com/product/yoast-seo-wordpress/ -->
<title>#Sablonceaux2015 - Retour sur la Caravane d&#039;évangélisation - Chemin Neuf Media</title>
<meta name="robots" content="index, follow, max-snippet:-1, max-image-preview:large, max-video-preview:-1" />
<link rel="canonical" href="https://www.chemin-neuf.media/es/m/sablonceaux2015-retour-sur-la-caravane-devangelisation/" />
<meta property="og:locale" content="es_ES" />
<meta property="og:type" content="article" />
<meta property="og:title" content="#Sablonceaux2015 - Retour sur la Caravane d&#039;évangélisation - Chemin Neuf Media" />
<meta property="og:description" content="Une première semaine de travail et d&#039;élaboration d&#039;un spectacle (orchestre, danse, chant, théâtre/mime) tout en expérimentant la fraternité et la joie de la louange !La deuxième semaine tout le monde dans la rue et les talents sont mis au service d&#039;un spectacle d&#039;évangélisation !Retour une Cara mémorable :)" />
<meta property="og:url" content="https://www.chemin-neuf.media/es/m/sablonceaux2015-retour-sur-la-caravane-devangelisation/" />
<meta property="og:site_name" content="Chemin Neuf Media" />
<meta property="article:publisher" content="https://www.facebook.com/Communaut%c3%a9-du-Chemin-Neuf-au-Canada-417217815001100" />
<meta property="article:modified_time" content="2023-07-09T08:10:56+00:00" />
<meta property="og:image" content="https://www.chemin-neuf.media/wp-content/uploads/2015/09/mqdefault-10.jpg" />
	<meta property="og:image:width" content="320" />
	<meta property="og:image:height" content="180" />
	<meta property="og:image:type" content="image/jpeg" />
<meta name="twitter:card" content="summary_large_image" />
<script type="application/ld+json" class="yoast-schema-graph">{"@context":"https:\/\/schema.org","@graph":[{"@type":"WebPage","@id":"https:\/\/www.chemin-neuf.media\/es\/m\/sablonceaux2015-retour-sur-la-caravane-devangelisation\/","url":"https:\/\/www.chemin-neuf.media\/es\/m\/sablonceaux2015-retour-sur-la-caravane-devangelisation\/","name":"#Sablonceaux2015 - Retour sur la Caravane d'évangélisation - Chemin Neuf Media","isPartOf":{"@id":"https:\/\/www.chemin-neuf.media\/es\/#website"},"primaryImageOfPage":{"@id":"https:\/\/www.chemin-neuf.media\/es\/m\/sablonceaux2015-retour-sur-la-caravane-devangelisation\/#primaryimage"},"image":{"@id":"https:\/\/www.chemin-neuf.media\/es\/m\/sablonceaux2015-retour-sur-la-caravane-devangelisation\/#primaryimage"},"thumbnailUrl":"https:\/\/www.chemin-neuf.media\/wp-content\/uploads\/2015\/09\/mqdefault-10.jpg","datePublished":"2015-09-29T22:00:00+00:00","dateModified":"2023-07-09T08:10:56+00:00","breadcrumb":{"@id":"https:\/\/www.chemin-neuf.media\/es\/m\/sablonceaux2015-retour-sur-la-caravane-devangelisation\/#breadcrumb"},"inLanguage":"es","potentialAction":[{"@type":"ReadAction","target":["https:\/\/www.chemin-neuf.media\/es\/m\/sablonceaux2015-retour-sur-la-caravane-devangelisation\/"]}]},{"@type":"ImageObject","inLanguage":"es","@id":"https:\/\/www.chemin-neuf.media\/es\/m\/sablonceaux2015-retour-sur-la-caravane-devangelisation\/#primaryimage","url":"https:\/\/www.chemin-neuf.media\/wp-content\/uploads\/2015\/09\/mqdefault-10.jpg","contentUrl":"https:\/\/www.chemin-neuf.media\/wp-content\/uploads\/2015\/09\/mqdefault-10.jpg","width":320,"height":180,"caption":"#Sablonceaux2015 - Retour sur la Caravane d'évangélisation"},{"@type":"BreadcrumbList","@id":"https:\/\/www.chemin-neuf.media\/es\/m\/sablonceaux2015-retour-sur-la-caravane-devangelisation\/#breadcrumb","itemListElement":[{"@type":"ListItem","position":1,"name":"Home","item":"https:\/\/www.chemin-neuf.media\/es\/"},{"@type":"ListItem","position":2,"name":"Meta Medias","item":"https:\/\/www.chemin-neuf.media\/es\/m\/"},{"@type":"ListItem","position":3,"name":"#Sablonceaux2015 &#8211; Retour sur la Caravane d&rsquo;évangélisation"}]},{"@type":"WebSite","@id":"https:\/\/www.chemin-neuf.media\/es\/#website","url":"https:\/\/www.chemin-neuf.media\/es\/","name":"Chemin Neuf Media","description":"Tous les médias de la  Communauté du Chemin Neuf","potentialAction":[{"@type":"SearchAction","target":{"@type":"EntryPoint","urlTemplate":"https:\/\/www.chemin-neuf.media\/es\/?s={search_term_string}"},"query-input":{"@type":"PropertyValueSpecification","valueRequired":true,"valueName":"search_term_string"}}],"inLanguage":"es"}]}</script>
<!-- / Yoast SEO plugin. -->

#Sablonceaux2015 - Retour sur la Caravane d'évangélisation - Chemin Neuf Media

Une première semaine de travail et d'élaboration d'un spectacle (orchestre, danse, chant, théâtre/mime) tout en expérimentant la fraternité et la joie de la louange !La deuxième semaine tout le monde dans la rue et les talents sont mis au service d'un spectacle d'évangélisation !Retour une Cara mémorable :)

#Sablonceaux2015 - Retour sur la Caravane d'évangélisation

#Sablonceaux2015 &#8211; Retour sur la Caravane d&rsquo;évangélisation

Tous les médias de la  Communauté du Chemin Neuf
