{"id":30548,"date":"2018-04-04T00:00:00","date_gmt":"2018-04-03T22:00:00","guid":{"rendered":"https:\/\/chemin-neuf.media\/m\/paques-a-hautecombe-2018-aftermovie\/"},"modified":"2023-07-09T20:05:08","modified_gmt":"2023-07-09T18:05:08","slug":"paques-a-hautecombe-2018-aftermovie","status":"publish","type":"m","link":"https:\/\/www.chemin-neuf.media\/de\/m\/paques-a-hautecombe-2018-aftermovie\/","title":{"rendered":"P\u00e2ques \u00e0 Hautecombe 2018 &#8211; Aftermovie"},"content":{"rendered":"","protected":false},"excerpt":{"rendered":"<p>C\u00e9l\u00e9brer la R\u00e9surrection \u00e0 l&#8217;Abbaye d&#8217;Hautecombe&#8230;<br \/>Un week-end pour go\u00fbter \u00e0 la joie du Ressuscit\u00e9!<\/p>\n<p>&#8222;J&#8217;ai vivement d\u00e9sir\u00e9 c\u00e9l\u00e9brer cette P\u00e2ques avec vous&#8220; Luc 22,15<\/p>\n","protected":false},"featured_media":30549,"menu_order":0,"template":"","meta":{"_acf_changed":false,"footnotes":""},"media-categorie":[76],"media-type":[54],"chaine":[60],"thematique":[72,2023],"media-tag":[],"media-lang":[2414],"class_list":["post-30548","m","type-m","status-publish","has-post-thumbnail","hentry","media-categorie-festival-evenement-session","media-type-video","chaine-18-30-ans","thematique-jeunes","thematique-vie-de-la-communaute","media-lang-en"],"acf":[],"yoast_head":"<!-- This site is optimized with the Yoast SEO plugin v28.3 - https:\/\/yoast.com\/product\/yoast-seo-wordpress\/ -->\n<title>P\u00e2ques \u00e0 Hautecombe 2018 - Aftermovie - Chemin Neuf Media<\/title>\n<meta name=\"robots\" content=\"index, follow, max-snippet:-1, max-image-preview:large, max-video-preview:-1\" \/>\n<link rel=\"canonical\" href=\"https:\/\/www.chemin-neuf.media\/de\/m\/paques-a-hautecombe-2018-aftermovie\/\" \/>\n<meta property=\"og:locale\" content=\"de_DE\" \/>\n<meta property=\"og:type\" content=\"article\" \/>\n<meta property=\"og:title\" content=\"P\u00e2ques \u00e0 Hautecombe 2018 - Aftermovie - Chemin Neuf Media\" \/>\n<meta property=\"og:description\" content=\"C\u00e9l\u00e9brer la R\u00e9surrection \u00e0 l&#039;Abbaye d&#039;Hautecombe...Un week-end pour go\u00fbter \u00e0 la joie du Ressuscit\u00e9!&quot;J&#039;ai vivement d\u00e9sir\u00e9 c\u00e9l\u00e9brer cette P\u00e2ques avec vous&quot; Luc 22,15\" \/>\n<meta property=\"og:url\" content=\"https:\/\/www.chemin-neuf.media\/de\/m\/paques-a-hautecombe-2018-aftermovie\/\" \/>\n<meta property=\"og:site_name\" content=\"Chemin Neuf Media\" \/>\n<meta property=\"article:publisher\" content=\"https:\/\/www.facebook.com\/Communaut%c3%a9-du-Chemin-Neuf-au-Canada-417217815001100\" \/>\n<meta property=\"article:modified_time\" content=\"2023-07-09T18:05:08+00:00\" \/>\n<meta property=\"og:image\" content=\"https:\/\/www.chemin-neuf.media\/wp-content\/uploads\/2018\/04\/mqdefault-7.jpg\" \/>\n\t<meta property=\"og:image:width\" content=\"320\" \/>\n\t<meta property=\"og:image:height\" content=\"180\" \/>\n\t<meta property=\"og:image:type\" content=\"image\/jpeg\" \/>\n<meta name=\"twitter:card\" content=\"summary_large_image\" \/>\n<script type=\"application\/ld+json\" class=\"yoast-schema-graph\">{\"@context\":\"https:\\\/\\\/schema.org\",\"@graph\":[{\"@type\":\"WebPage\",\"@id\":\"https:\\\/\\\/www.chemin-neuf.media\\\/de\\\/m\\\/paques-a-hautecombe-2018-aftermovie\\\/\",\"url\":\"https:\\\/\\\/www.chemin-neuf.media\\\/de\\\/m\\\/paques-a-hautecombe-2018-aftermovie\\\/\",\"name\":\"P\u00e2ques \u00e0 Hautecombe 2018 - Aftermovie - Chemin Neuf Media\",\"isPartOf\":{\"@id\":\"https:\\\/\\\/www.chemin-neuf.media\\\/de\\\/#website\"},\"primaryImageOfPage\":{\"@id\":\"https:\\\/\\\/www.chemin-neuf.media\\\/de\\\/m\\\/paques-a-hautecombe-2018-aftermovie\\\/#primaryimage\"},\"image\":{\"@id\":\"https:\\\/\\\/www.chemin-neuf.media\\\/de\\\/m\\\/paques-a-hautecombe-2018-aftermovie\\\/#primaryimage\"},\"thumbnailUrl\":\"https:\\\/\\\/www.chemin-neuf.media\\\/wp-content\\\/uploads\\\/2018\\\/04\\\/mqdefault-7.jpg\",\"datePublished\":\"2018-04-03T22:00:00+00:00\",\"dateModified\":\"2023-07-09T18:05:08+00:00\",\"breadcrumb\":{\"@id\":\"https:\\\/\\\/www.chemin-neuf.media\\\/de\\\/m\\\/paques-a-hautecombe-2018-aftermovie\\\/#breadcrumb\"},\"inLanguage\":\"de\",\"potentialAction\":[{\"@type\":\"ReadAction\",\"target\":[\"https:\\\/\\\/www.chemin-neuf.media\\\/de\\\/m\\\/paques-a-hautecombe-2018-aftermovie\\\/\"]}]},{\"@type\":\"ImageObject\",\"inLanguage\":\"de\",\"@id\":\"https:\\\/\\\/www.chemin-neuf.media\\\/de\\\/m\\\/paques-a-hautecombe-2018-aftermovie\\\/#primaryimage\",\"url\":\"https:\\\/\\\/www.chemin-neuf.media\\\/wp-content\\\/uploads\\\/2018\\\/04\\\/mqdefault-7.jpg\",\"contentUrl\":\"https:\\\/\\\/www.chemin-neuf.media\\\/wp-content\\\/uploads\\\/2018\\\/04\\\/mqdefault-7.jpg\",\"width\":320,\"height\":180,\"caption\":\"P\u00e2ques \u00e0 Hautecombe 2018 - Aftermovie\"},{\"@type\":\"BreadcrumbList\",\"@id\":\"https:\\\/\\\/www.chemin-neuf.media\\\/de\\\/m\\\/paques-a-hautecombe-2018-aftermovie\\\/#breadcrumb\",\"itemListElement\":[{\"@type\":\"ListItem\",\"position\":1,\"name\":\"Home\",\"item\":\"https:\\\/\\\/www.chemin-neuf.media\\\/de\\\/\"},{\"@type\":\"ListItem\",\"position\":2,\"name\":\"Meta Medias\",\"item\":\"https:\\\/\\\/www.chemin-neuf.media\\\/de\\\/m\\\/\"},{\"@type\":\"ListItem\",\"position\":3,\"name\":\"P\u00e2ques \u00e0 Hautecombe 2018 &#8211; Aftermovie\"}]},{\"@type\":\"WebSite\",\"@id\":\"https:\\\/\\\/www.chemin-neuf.media\\\/de\\\/#website\",\"url\":\"https:\\\/\\\/www.chemin-neuf.media\\\/de\\\/\",\"name\":\"Chemin Neuf Media\",\"description\":\"Tous les m\u00e9dias de la  Communaut\u00e9 du Chemin Neuf\",\"potentialAction\":[{\"@type\":\"SearchAction\",\"target\":{\"@type\":\"EntryPoint\",\"urlTemplate\":\"https:\\\/\\\/www.chemin-neuf.media\\\/de\\\/?s={search_term_string}\"},\"query-input\":{\"@type\":\"PropertyValueSpecification\",\"valueRequired\":true,\"valueName\":\"search_term_string\"}}],\"inLanguage\":\"de\"}]}<\/script>\n<!-- \/ Yoast SEO plugin. -->","yoast_head_json":{"title":"P\u00e2ques \u00e0 Hautecombe 2018 - Aftermovie - Chemin Neuf Media","robots":{"index":"index","follow":"follow","max-snippet":"max-snippet:-1","max-image-preview":"max-image-preview:large","max-video-preview":"max-video-preview:-1"},"canonical":"https:\/\/www.chemin-neuf.media\/de\/m\/paques-a-hautecombe-2018-aftermovie\/","og_locale":"de_DE","og_type":"article","og_title":"P\u00e2ques \u00e0 Hautecombe 2018 - Aftermovie - Chemin Neuf Media","og_description":"C\u00e9l\u00e9brer la R\u00e9surrection \u00e0 l'Abbaye d'Hautecombe...Un week-end pour go\u00fbter \u00e0 la joie du Ressuscit\u00e9!\"J'ai vivement d\u00e9sir\u00e9 c\u00e9l\u00e9brer cette P\u00e2ques avec vous\" Luc 22,15","og_url":"https:\/\/www.chemin-neuf.media\/de\/m\/paques-a-hautecombe-2018-aftermovie\/","og_site_name":"Chemin Neuf Media","article_publisher":"https:\/\/www.facebook.com\/Communaut%c3%a9-du-Chemin-Neuf-au-Canada-417217815001100","article_modified_time":"2023-07-09T18:05:08+00:00","og_image":[{"width":320,"height":180,"url":"https:\/\/www.chemin-neuf.media\/wp-content\/uploads\/2018\/04\/mqdefault-7.jpg","type":"image\/jpeg"}],"twitter_card":"summary_large_image","schema":{"@context":"https:\/\/schema.org","@graph":[{"@type":"WebPage","@id":"https:\/\/www.chemin-neuf.media\/de\/m\/paques-a-hautecombe-2018-aftermovie\/","url":"https:\/\/www.chemin-neuf.media\/de\/m\/paques-a-hautecombe-2018-aftermovie\/","name":"P\u00e2ques \u00e0 Hautecombe 2018 - Aftermovie - Chemin Neuf Media","isPartOf":{"@id":"https:\/\/www.chemin-neuf.media\/de\/#website"},"primaryImageOfPage":{"@id":"https:\/\/www.chemin-neuf.media\/de\/m\/paques-a-hautecombe-2018-aftermovie\/#primaryimage"},"image":{"@id":"https:\/\/www.chemin-neuf.media\/de\/m\/paques-a-hautecombe-2018-aftermovie\/#primaryimage"},"thumbnailUrl":"https:\/\/www.chemin-neuf.media\/wp-content\/uploads\/2018\/04\/mqdefault-7.jpg","datePublished":"2018-04-03T22:00:00+00:00","dateModified":"2023-07-09T18:05:08+00:00","breadcrumb":{"@id":"https:\/\/www.chemin-neuf.media\/de\/m\/paques-a-hautecombe-2018-aftermovie\/#breadcrumb"},"inLanguage":"de","potentialAction":[{"@type":"ReadAction","target":["https:\/\/www.chemin-neuf.media\/de\/m\/paques-a-hautecombe-2018-aftermovie\/"]}]},{"@type":"ImageObject","inLanguage":"de","@id":"https:\/\/www.chemin-neuf.media\/de\/m\/paques-a-hautecombe-2018-aftermovie\/#primaryimage","url":"https:\/\/www.chemin-neuf.media\/wp-content\/uploads\/2018\/04\/mqdefault-7.jpg","contentUrl":"https:\/\/www.chemin-neuf.media\/wp-content\/uploads\/2018\/04\/mqdefault-7.jpg","width":320,"height":180,"caption":"P\u00e2ques \u00e0 Hautecombe 2018 - Aftermovie"},{"@type":"BreadcrumbList","@id":"https:\/\/www.chemin-neuf.media\/de\/m\/paques-a-hautecombe-2018-aftermovie\/#breadcrumb","itemListElement":[{"@type":"ListItem","position":1,"name":"Home","item":"https:\/\/www.chemin-neuf.media\/de\/"},{"@type":"ListItem","position":2,"name":"Meta Medias","item":"https:\/\/www.chemin-neuf.media\/de\/m\/"},{"@type":"ListItem","position":3,"name":"P\u00e2ques \u00e0 Hautecombe 2018 &#8211; Aftermovie"}]},{"@type":"WebSite","@id":"https:\/\/www.chemin-neuf.media\/de\/#website","url":"https:\/\/www.chemin-neuf.media\/de\/","name":"Chemin Neuf Media","description":"Tous les m\u00e9dias de la  Communaut\u00e9 du Chemin Neuf","potentialAction":[{"@type":"SearchAction","target":{"@type":"EntryPoint","urlTemplate":"https:\/\/www.chemin-neuf.media\/de\/?s={search_term_string}"},"query-input":{"@type":"PropertyValueSpecification","valueRequired":true,"valueName":"search_term_string"}}],"inLanguage":"de"}]}},"_links":{"self":[{"href":"https:\/\/www.chemin-neuf.media\/de\/wp-json\/wp\/v2\/m\/30548","targetHints":{"allow":["GET"]}}],"collection":[{"href":"https:\/\/www.chemin-neuf.media\/de\/wp-json\/wp\/v2\/m"}],"about":[{"href":"https:\/\/www.chemin-neuf.media\/de\/wp-json\/wp\/v2\/types\/m"}],"version-history":[{"count":1,"href":"https:\/\/www.chemin-neuf.media\/de\/wp-json\/wp\/v2\/m\/30548\/revisions"}],"predecessor-version":[{"id":34661,"href":"https:\/\/www.chemin-neuf.media\/de\/wp-json\/wp\/v2\/m\/30548\/revisions\/34661"}],"wp:featuredmedia":[{"embeddable":true,"href":"https:\/\/www.chemin-neuf.media\/de\/wp-json\/wp\/v2\/media\/30549"}],"wp:attachment":[{"href":"https:\/\/www.chemin-neuf.media\/de\/wp-json\/wp\/v2\/media?parent=30548"}],"wp:term":[{"taxonomy":"media-categorie","embeddable":true,"href":"https:\/\/www.chemin-neuf.media\/de\/wp-json\/wp\/v2\/media-categorie?post=30548"},{"taxonomy":"media-type","embeddable":true,"href":"https:\/\/www.chemin-neuf.media\/de\/wp-json\/wp\/v2\/media-type?post=30548"},{"taxonomy":"chaine","embeddable":true,"href":"https:\/\/www.chemin-neuf.media\/de\/wp-json\/wp\/v2\/chaine?post=30548"},{"taxonomy":"thematique","embeddable":true,"href":"https:\/\/www.chemin-neuf.media\/de\/wp-json\/wp\/v2\/thematique?post=30548"},{"taxonomy":"media-tag","embeddable":true,"href":"https:\/\/www.chemin-neuf.media\/de\/wp-json\/wp\/v2\/media-tag?post=30548"},{"taxonomy":"media-lang","embeddable":true,"href":"https:\/\/www.chemin-neuf.media\/de\/wp-json\/wp\/v2\/media-lang?post=30548"}],"curies":[{"name":"wp","href":"https:\/\/api.w.org\/{rel}","templated":true}]}}

Pâques à Hautecombe 2018 &#8211; Aftermovie

<p>Célébrer la Résurrection à l&#8217;Abbaye d&#8217;Hautecombe&#8230;<br />Un week-end pour goûter à la joie du Ressuscité!</p>
<p>&#8222;J&#8217;ai vivement désiré célébrer cette Pâques avec vous&#8220; Luc 22,15</p>

<!-- This site is optimized with the Yoast SEO plugin v28.3 - https://yoast.com/product/yoast-seo-wordpress/ -->
<title>Pâques à Hautecombe 2018 - Aftermovie - Chemin Neuf Media</title>
<meta name="robots" content="index, follow, max-snippet:-1, max-image-preview:large, max-video-preview:-1" />
<link rel="canonical" href="https://www.chemin-neuf.media/de/m/paques-a-hautecombe-2018-aftermovie/" />
<meta property="og:locale" content="de_DE" />
<meta property="og:type" content="article" />
<meta property="og:title" content="Pâques à Hautecombe 2018 - Aftermovie - Chemin Neuf Media" />
<meta property="og:description" content="Célébrer la Résurrection à l&#039;Abbaye d&#039;Hautecombe...Un week-end pour goûter à la joie du Ressuscité!&quot;J&#039;ai vivement désiré célébrer cette Pâques avec vous&quot; Luc 22,15" />
<meta property="og:url" content="https://www.chemin-neuf.media/de/m/paques-a-hautecombe-2018-aftermovie/" />
<meta property="og:site_name" content="Chemin Neuf Media" />
<meta property="article:publisher" content="https://www.facebook.com/Communaut%c3%a9-du-Chemin-Neuf-au-Canada-417217815001100" />
<meta property="article:modified_time" content="2023-07-09T18:05:08+00:00" />
<meta property="og:image" content="https://www.chemin-neuf.media/wp-content/uploads/2018/04/mqdefault-7.jpg" />
	<meta property="og:image:width" content="320" />
	<meta property="og:image:height" content="180" />
	<meta property="og:image:type" content="image/jpeg" />
<meta name="twitter:card" content="summary_large_image" />
<script type="application/ld+json" class="yoast-schema-graph">{"@context":"https:\/\/schema.org","@graph":[{"@type":"WebPage","@id":"https:\/\/www.chemin-neuf.media\/de\/m\/paques-a-hautecombe-2018-aftermovie\/","url":"https:\/\/www.chemin-neuf.media\/de\/m\/paques-a-hautecombe-2018-aftermovie\/","name":"Pâques à Hautecombe 2018 - Aftermovie - Chemin Neuf Media","isPartOf":{"@id":"https:\/\/www.chemin-neuf.media\/de\/#website"},"primaryImageOfPage":{"@id":"https:\/\/www.chemin-neuf.media\/de\/m\/paques-a-hautecombe-2018-aftermovie\/#primaryimage"},"image":{"@id":"https:\/\/www.chemin-neuf.media\/de\/m\/paques-a-hautecombe-2018-aftermovie\/#primaryimage"},"thumbnailUrl":"https:\/\/www.chemin-neuf.media\/wp-content\/uploads\/2018\/04\/mqdefault-7.jpg","datePublished":"2018-04-03T22:00:00+00:00","dateModified":"2023-07-09T18:05:08+00:00","breadcrumb":{"@id":"https:\/\/www.chemin-neuf.media\/de\/m\/paques-a-hautecombe-2018-aftermovie\/#breadcrumb"},"inLanguage":"de","potentialAction":[{"@type":"ReadAction","target":["https:\/\/www.chemin-neuf.media\/de\/m\/paques-a-hautecombe-2018-aftermovie\/"]}]},{"@type":"ImageObject","inLanguage":"de","@id":"https:\/\/www.chemin-neuf.media\/de\/m\/paques-a-hautecombe-2018-aftermovie\/#primaryimage","url":"https:\/\/www.chemin-neuf.media\/wp-content\/uploads\/2018\/04\/mqdefault-7.jpg","contentUrl":"https:\/\/www.chemin-neuf.media\/wp-content\/uploads\/2018\/04\/mqdefault-7.jpg","width":320,"height":180,"caption":"Pâques à Hautecombe 2018 - Aftermovie"},{"@type":"BreadcrumbList","@id":"https:\/\/www.chemin-neuf.media\/de\/m\/paques-a-hautecombe-2018-aftermovie\/#breadcrumb","itemListElement":[{"@type":"ListItem","position":1,"name":"Home","item":"https:\/\/www.chemin-neuf.media\/de\/"},{"@type":"ListItem","position":2,"name":"Meta Medias","item":"https:\/\/www.chemin-neuf.media\/de\/m\/"},{"@type":"ListItem","position":3,"name":"Pâques à Hautecombe 2018 &#8211; Aftermovie"}]},{"@type":"WebSite","@id":"https:\/\/www.chemin-neuf.media\/de\/#website","url":"https:\/\/www.chemin-neuf.media\/de\/","name":"Chemin Neuf Media","description":"Tous les médias de la  Communauté du Chemin Neuf","potentialAction":[{"@type":"SearchAction","target":{"@type":"EntryPoint","urlTemplate":"https:\/\/www.chemin-neuf.media\/de\/?s={search_term_string}"},"query-input":{"@type":"PropertyValueSpecification","valueRequired":true,"valueName":"search_term_string"}}],"inLanguage":"de"}]}</script>
<!-- / Yoast SEO plugin. -->

Pâques à Hautecombe 2018 - Aftermovie - Chemin Neuf Media

Célébrer la Résurrection à l'Abbaye d'Hautecombe...Un week-end pour goûter à la joie du Ressuscité!"J'ai vivement désiré célébrer cette Pâques avec vous" Luc 22,15

Pâques à Hautecombe 2018 - Aftermovie

Tous les médias de la  Communauté du Chemin Neuf
